{"id":135,"date":"2015-09-21T22:44:16","date_gmt":"2015-09-21T21:44:16","guid":{"rendered":"http:\/\/www.fierdemonexpertcomptable.com\/?page_id=135"},"modified":"2017-04-17T23:10:09","modified_gmt":"2017-04-17T22:10:09","slug":"les-questions-qui-piquent","status":"publish","type":"page","link":"https:\/\/www.fierdemonexpertcomptable.com\/index.php\/les-questions-qui-piquent\/","title":{"rendered":"Les questions qui piquent"},"content":{"rendered":"<p>[vc_row 0=\u00a0\u00bb\u00a0\u00bb][vc_column 0=\u00a0\u00bb\u00a0\u00bb][vc_single_image image=\u00a0\u00bb141&Prime; img_size=\u00a0\u00bbmedium\u00a0\u00bb alignment=\u00a0\u00bbcenter\u00a0\u00bb style=\u00a0\u00bbvc_box_border\u00a0\u00bb border_color=\u00a0\u00bbgreen\u00a0\u00bb][vc_text_separator title=\u00a0\u00bbOuch !\u00a0\u00bb color=\u00a0\u00bbblue\u00a0\u00bb style=\u00a0\u00bbdotted\u00a0\u00bb border_width=\u00a0\u00bb3&Prime; el_width=\u00a0\u00bb80&Prime;][vc_row_inner 0=\u00a0\u00bb\u00a0\u00bb][vc_column_inner 0=\u00a0\u00bb\u00a0\u00bb][vc_custom_heading text=\u00a0\u00bbP.F. &#8211; Est-ce qu&rsquo;un expert-comptable, c&rsquo;est cher ?\u00a0\u00bb font_container=\u00a0\u00bbtag:h6|text_align:left\u00a0\u00bb google_fonts=\u00a0\u00bbfont_family:Merriweather%20Sans%3A300%2C300italic%2Cregular%2Citalic%2C700%2C700italic%2C800%2C800italic|font_style:400%20regular%3A400%3Anormal\u00a0\u00bb][\/vc_column_inner][\/vc_row_inner][vc_column_text 0=\u00a0\u00bb\u00a0\u00bb]<strong>RD &#8211;<\/strong> Pour une entreprise, un expert-comptable a\u00a0un co\u00fbt important. C&rsquo;est ind\u00e9niable.\u00a0Chez SECD, nous en avons parfaitement conscience. C&rsquo;est pour cela que nous cherchons \u00e0 \u00eatre le plus utile possible pour nos clients. Par bonheur, nous avons aussi d&rsquo;innombrables occasions de leur faire gagner beaucoup d&rsquo;argent. Je pourrais vous citer des dizaines d&rsquo;anecdotes sur le sujet. C&rsquo;est particuli\u00e8rement vrai en cas de cr\u00e9ation d&rsquo;activit\u00e9. Car prendre les bonnes options sociales ou fiscales d\u00e8s le d\u00e9part permet en g\u00e9n\u00e9ral un gain important. Un bon conseil peut carr\u00e9ment faire la diff\u00e9rence entre le succ\u00e8s ou l&rsquo;\u00e9chec. Nous ne sommes pas responsables de tout, bien s\u00fbr : le dirigeant est celui qui construit son succ\u00e8s ; mais\u00a0un mauvais appui peut vraiment lui porter pr\u00e9judice, alors qu&rsquo;un bon conseil peut permettre de lui donner le meilleur de lui-m\u00eame. Nous pouvons aussi apporter beaucoup en phase de d\u00e9veloppement du client, et m\u00eame en cas de cessation d&rsquo;activit\u00e9.[\/vc_column_text][\/vc_column][\/vc_row][vc_row 0=\u00a0\u00bb\u00a0\u00bb][vc_column 0=\u00a0\u00bb\u00a0\u00bb][vc_custom_heading text=\u00a0\u00bbP.F. &#8211; Etes-vous moins cher que les autres ?\u00a0\u00bb font_container=\u00a0\u00bbtag:h6|text_align:left\u00a0\u00bb google_fonts=\u00a0\u00bbfont_family:Merriweather%20Sans%3A300%2C300italic%2Cregular%2Citalic%2C700%2C700italic%2C800%2C800italic|font_style:400%20regular%3A400%3Anormal\u00a0\u00bb][vc_column_text 0=\u00a0\u00bb\u00a0\u00bb]<strong>RD &#8211;<\/strong>\u00a0Non. Et nous ne cherchons pas \u00e0 l&rsquo;\u00eatre. Le Low-cost est un business-model \u00e0 part enti\u00e8re, mais ce n&rsquo;est pas le n\u00f4tre. D&rsquo;apr\u00e8s ce que je vois, nous nous situons dans la moyenne des tarifs de nos confr\u00e8res. Parfois nous sommes un peu en dessous, parfois un peu au-dessus. La plupart du temps, les diff\u00e9rences ne sont pas significatives.\u00a0J&rsquo;ai deux convictions, aussi personnelles que professionnelles : Si on va toujours vers le moins cher, on finit forc\u00e9ment par acheter de la&#8230; Euh, ma seconde conviction est qu&rsquo;un bon conseil au bon moment n&rsquo;a pas de prix : Il\u00a0peut facilement faire gagner plusieurs milliers d&rsquo;euros, m\u00eame dans une toute petite activit\u00e9 ; tout comme il peut faire gagner du temps, de l&rsquo;\u00e9nergie&#8230; Toutes ces choses assez difficiles \u00e0 quantifier, mais qui ont finalement beaucoup d&rsquo;importance.[\/vc_column_text][\/vc_column][\/vc_row][vc_row 0=\u00a0\u00bb\u00a0\u00bb][vc_column 0=\u00a0\u00bb\u00a0\u00bb][vc_custom_heading text=\u00a0\u00bbP.F. &#8211; Vos locaux ne font pas \u00ab\u00a0grand cabinet\u00ab\u00a0. Comment cela se fait-il ?\u00a0\u00bb font_container=\u00a0\u00bbtag:h6|text_align:left\u00a0\u00bb google_fonts=\u00a0\u00bbfont_family:Merriweather%20Sans%3A300%2C300italic%2Cregular%2Citalic%2C700%2C700italic%2C800%2C800italic|font_style:400%20regular%3A400%3Anormal\u00a0\u00bb][vc_column_text 0=\u00a0\u00bb\u00a0\u00bb]<strong>RD<\/strong> &#8211; Merci, c&rsquo;est encore une mani\u00e8re gentille de le dire&#8230; Derri\u00e8re notre accueil pour le moins modeste se cache en r\u00e9alit\u00e9\u00a0de nombreux bureaux. Et aussi : La tour du Reuze, o\u00f9 nous nous situons, a le m\u00e9rite d&rsquo;\u00eatre assez centrale et connue sur Dunkerque. Mais pour tout vous dire, je crois que ce n&rsquo;est pas ce qui importe pour nos clients.[\/vc_column_text][\/vc_column][\/vc_row][vc_row 0=\u00a0\u00bb\u00a0\u00bb][vc_column 0=\u00a0\u00bb\u00a0\u00bb][vc_custom_heading text=\u00a0\u00bbP.F. &#8211; Pourquoi ne tenez-vous pas de blog ?\u00a0\u00bb font_container=\u00a0\u00bbtag:h6|text_align:left\u00a0\u00bb google_fonts=\u00a0\u00bbfont_family:Merriweather%20Sans%3A300%2C300italic%2Cregular%2Citalic%2C700%2C700italic%2C800%2C800italic|font_style:400%20regular%3A400%3Anormal\u00a0\u00bb][vc_column_text 0=\u00a0\u00bb\u00a0\u00bb]<strong>RD &#8211;<\/strong> Je pr\u00e9f\u00e8re me consacrer \u00e0 mes clients. Je crois qu&rsquo;ils se fichent bien de notre page Facebook, ou m\u00eame de notre site internet. Ils veulent que l&rsquo;on travaille sur les sujets qui les pr\u00e9occupent.[\/vc_column_text][\/vc_column][\/vc_row][vc_row 0=\u00a0\u00bb\u00a0\u00bb][vc_column 0=\u00a0\u00bb\u00a0\u00bb][vc_custom_heading text=\u00a0\u00bbP.F. &#8211; \u00cates-vous meilleur que les autres experts comptables ?\u00a0\u00bb font_container=\u00a0\u00bbtag:h6|text_align:left\u00a0\u00bb google_fonts=\u00a0\u00bbfont_family:Merriweather%20Sans%3A300%2C300italic%2Cregular%2Citalic%2C700%2C700italic%2C800%2C800italic|font_style:400%20regular%3A400%3Anormal\u00a0\u00bb][vc_column_text 0=\u00a0\u00bb\u00a0\u00bb]<strong>RD &#8211;<\/strong>\u00a0Ce serait pr\u00e9tentieux de le dire !\u00a0Ce que je peux vous affirmer, c&rsquo;est\u00a0que j&rsquo;ai de bonnes \u00e9quipes, bien form\u00e9es, et que chacun au cabinet\u00a0fait de son\u00a0mieux. Et aussi, que l&rsquo;on essaie de s&rsquo;am\u00e9liorer en permanence. C&rsquo;est une d\u00e9marche du cabinet tr\u00e8s importante, et tr\u00e8s r\u00e9fl\u00e9chie.\u00a0Ceci \u00e9tant dit, mes confr\u00e8res sont des gens de qualit\u00e9, dont je respecte le travail. Et l&rsquo;humilit\u00e9 est une vertu. Nul n&rsquo;est \u00e0 l&rsquo;abri d&rsquo;une erreur, par exemple. Alors, non, nous sommes un cabinet parmi d&rsquo;autres, mais avec un vraie personnalit\u00e9 et une vraie d\u00e9marche de progr\u00e8s.[\/vc_column_text][\/vc_column][\/vc_row][vc_row 0=\u00a0\u00bb\u00a0\u00bb][vc_column 0=\u00a0\u00bb\u00a0\u00bb][vc_custom_heading text=\u00a0\u00bbP.F. &#8211; Pourquoi \u00ab\u00a0Fier de mon expert-comptable\u00ab\u00a0 ?\u00a0\u00bb font_container=\u00a0\u00bbtag:h6|text_align:left\u00a0\u00bb google_fonts=\u00a0\u00bbfont_family:Merriweather%20Sans%3A300%2C300italic%2Cregular%2Citalic%2C700%2C700italic%2C800%2C800italic|font_style:400%20regular%3A400%3Anormal\u00a0\u00bb][vc_column_text 0=\u00a0\u00bb\u00a0\u00bb]<strong>RD &#8211;<\/strong>\u00a0C&rsquo;est une sorte d&rsquo;auto-d\u00e9rision. Les gens ne sont pas \u00ab\u00a0fiers\u00a0\u00bb de leur expert-comptable, et l&rsquo;expertise n&rsquo;est pas un m\u00e9tier tr\u00e8s connu du grand public. Je pense que c&rsquo;est de notre faute. A nous de fournir un travail de qualit\u00e9 qui finisse par \u00eatre vraiment reconnu. A nous de devenir une \u00ab\u00a0signature\u00a0\u00bb, et de transformer la d\u00e9rision en r\u00e9alit\u00e9.[\/vc_column_text][\/vc_column][\/vc_row][vc_row 0=\u00a0\u00bb\u00a0\u00bb][vc_column width=\u00a0\u00bb1\/4&Prime;][vc_icon type=\u00a0\u00bblinecons\u00a0\u00bb icon_linecons=\u00a0\u00bbvc_li vc_li-user\u00a0\u00bb][\/vc_column][vc_column width=\u00a0\u00bb3\/4&Prime;][vc_column_text 0=\u00a0\u00bb\u00a0\u00bb]<\/p>\n<p style=\"text-align: left;\"><span style=\"color: #999999;\"><em>P.F. = Personne Fictive. Merci \u00e0 elle de nous avoir laiss\u00e9 exprimer notre fa\u00e7on de voir l&rsquo;expertise comptable.<\/em><\/span><\/p>\n<p>[\/vc_column_text][\/vc_column][\/vc_row]<\/p>\n","protected":false},"excerpt":{"rendered":"<p>[vc_row 0=\u00a0\u00bb\u00a0\u00bb][vc_column 0=\u00a0\u00bb\u00a0\u00bb][vc_single_image image=\u00a0\u00bb141&Prime; img_size=\u00a0\u00bbmedium\u00a0\u00bb alignment=\u00a0\u00bbcenter\u00a0\u00bb style=\u00a0\u00bbvc_box_border\u00a0\u00bb border_color=\u00a0\u00bbgreen\u00a0\u00bb][vc_text_separator title=\u00a0\u00bbOuch !\u00a0\u00bb color=\u00a0\u00bbblue\u00a0\u00bb style=\u00a0\u00bbdotted\u00a0\u00bb border_width=\u00a0\u00bb3&Prime; el_width=\u00a0\u00bb80&Prime;][vc_row_inner 0=\u00a0\u00bb\u00a0\u00bb][vc_column_inner 0=\u00a0\u00bb\u00a0\u00bb][vc_custom_heading text=\u00a0\u00bbP.F. &#8211; Est-ce qu&rsquo;un&#8230;<\/p>\n","protected":false},"author":1,"featured_media":0,"parent":0,"menu_order":0,"comment_status":"closed","ping_status":"closed","template":"","meta":[],"_links":{"self":[{"href":"https:\/\/www.fierdemonexpertcomptable.com\/index.php\/wp-json\/wp\/v2\/pages\/135"}],"collection":[{"href":"https:\/\/www.fierdemonexpertcomptable.com\/index.php\/wp-json\/wp\/v2\/pages"}],"about":[{"href":"https:\/\/www.fierdemonexpertcomptable.com\/index.php\/wp-json\/wp\/v2\/types\/page"}],"author":[{"embeddable":true,"href":"https:\/\/www.fierdemonexpertcomptable.com\/index.php\/wp-json\/wp\/v2\/users\/1"}],"replies":[{"embeddable":true,"href":"https:\/\/www.fierdemonexpertcomptable.com\/index.php\/wp-json\/wp\/v2\/comments?post=135"}],"version-history":[{"count":15,"href":"https:\/\/www.fierdemonexpertcomptable.com\/index.php\/wp-json\/wp\/v2\/pages\/135\/revisions"}],"predecessor-version":[{"id":215,"href":"https:\/\/www.fierdemonexpertcomptable.com\/index.php\/wp-json\/wp\/v2\/pages\/135\/revisions\/215"}],"wp:attachment":[{"href":"https:\/\/www.fierdemonexpertcomptable.com\/index.php\/wp-json\/wp\/v2\/media?parent=135"}],"curies":[{"name":"wp","href":"https:\/\/api.w.org\/{rel}","templated":true}]}}